igit of 1925345?
3
What is the hundred thousands digit of 256408?
2
What is the hundreds digit of 333838?
8
What is the hundreds digit of 456980?
9
What is the thousands digit of 1980469?
0
What is the ten thousands digit of 1186947?
8
What is the thousands digit of 299349?
9
What is the ten millions digit of 23267557?
2
What is the hundreds digit of 3213596?
5
What is the ten millions digit of 28450394?
2
What is the tens digit of 909355?
5
What is the tens digit of 530273?
7
What is the tens digit of 140744?
4
What is the tens digit of 114869?
6
What is the units digit of 99296?
6
What is the hundreds digit of 7218815?
8
What is the tens digit of 173317?
1
What is the ten thousands digit of 383709?
8
What is the thousands digit of 1046329?
6
What is the thousands digit of 2128495?
8
What is the hundreds digit of 801128?
1
What is the hundred thousands digit of 1270485?
2
What is the ten thousands digit of 6191123?
9
What is the hundreds digit of 1862596?
5
What is the thousands digit of 750176?
0
What is the thousands digit of 5133257?
3
What is the ten thousands digit of 1714414?
1
What is the units digit of 108816?
6
What is the hundreds digit of 401900?
9
What is the ten thousands digit of 24855341?
5
What is the ten thousands digit of 1963492?
6
What is the hundreds digit of 2876?
8
What is the millions digit of 2238183?
2
What is the units digit of 151072?
2
What is the tens digit of 222918?
1
What is the millions digit of 1771022?
1
What is the ten thousands digit of 8809632?
0
What is the hundreds digit of 43259?
2
What is the ten thousands digit of 4467129?
6
What is the units digit of 1057870?
0
What is the thousands digit of 5110092?
0
What is the hundreds digit of 82298?
2
What is the tens digit of 40424?
2
What is the units digit of 27942490?
0
What is the hundred thousands digit of 624696?
6
What is the thousands digit of 4288?
4
What is the units digit of 18397310?
0
What is the thousands digit of 1671106?
1
What is the thousands digit of 1345661?
5
What is the hundred thousands digit of 876786?
8
What is the tens digit of 1195531?
3
What is the ten thousands digit of 1671035?
7
What is the millions digit of 2299419?
2
What is the tens digit of 3865408?
0
What is the units digit of 5288237?
7
What is the hundreds digit of 2380072?
0
What is the ten thousands digit of 572070?
7
What is the millions digit of 2162532?
2
What is the units digit of 900771?
1
What is the ten thousands digit of 135740?
3
What is the hundred thousands digit of 158267?
1
What is the units digit of 495590?
0
What is the thousands digit of 160063?
0
What is the hundred thousands digit of 1108358?
1
What is the hundreds digit of 17130?
1
What is the ten thousands digit of 920768?
2
What is the ten thousands digit of 25538019?
3
What is the hundred thousands digit of 731649?
7
What is the units digit of 2279982?
2
What is the thousands digit of 7116189?
6
What is the hundred thousands digit of 1685764?
6
What is the units digit of 11710453?
3
What is the units digit of 2671366?
6
What is the millions digit of 7081923?
7
What is the hundreds digit of 309351?
3
What is the ten thousands digit of 1115185?
1
What is the thousands digit of 39920?
9
What is the units digit of 269570?
0
What is the hundred thousands digit of 6138523?
1
What is the thousands digit of 11726404?
6
What is the thousands digit of 5554664?
4
What is the thousands digit of 470890?
0
What is the units digit of 3112010?
0
What is the units digit of 430533?
3
What is the hundred thousands digit of 372660?
3
What is the thousands digit of 4918984?
8
What is the thousands digit of 2782718?
2
What is the thousands digit of 165508?
5
What is the units digit of 339574?
4
What is the units digit of 1350282?
2
What is the thousands digit of 4007343?
7
What is the hundreds digit of 414401?
4
What is the tens digit of 1722?
2
What is the ten thousands digit of 1713385?
1
What is the thousands digit of 3042799?
2
What is the hundred thousands digit of 3104404?
1
What is the units digit of 251084?
4
What is the millions digit of 5904744?
5
What is the thousands digit of 399612?
9
What is the hundred thousands digit of 39288764?
2
What is the ten millions digit of 13838786?
1
What is the ten thousands digit of 24050239?
5
What is the hundred thousands digit of 220806?
2
What is the tens digit of 17235091?
9
What is the units digit of 1057791?
1
What is the hundreds digit of 527547?
5
What is the ten millions digit of 23974236?
2
What is the ten thousands digit of 28359647?
5
What is the hundreds digit of 417792?
7
What is the thousands digit of 853801?
3
What is the hundreds digit of 2396550?
5
What is the hundred thousands digit of 2831530?
8
What is the millions digit of 1139605?
1
What is the units digit of 285109?
9
What is the units digit of 16792333?
3
What is the thousands digit of 2649467?
9
What is the units digit of 32920272?
2
What is the tens digit of 3669118?
1
What is the units digit of 12535417?
7
What is the hundred thousands digit of 1137970?
1
What is the units digit of 372305?
5
What is the hundreds digit of 149536?
5
What is the hundreds digit of 3815550?
5
What is the thousands digit of 2075644?
5
What is the tens digit of 8975703?
0
What is the thousands digit of 93482?
3
What is the hundreds digit of 5011811?
8
What is the units digit of 677997?
7
What is the ten thousands digit of 810882?
1
What is the hundred thousands digit of 1415202?
4
What is the units digit of 205605?
5
What is the thousands digit of 1455580?
5
What is the hundred thousands digit of 420204?
4
What is the units digit of 628?
8
What is the tens digit of 14081749?
4
What is the tens digit of 62481?
8
What is the hundred thousands digit of 375982?
3
What is the millions digit of 6673357?
6
What is the units digit of 3562200?
0
What is the tens digit of 100233?
3
What is the ten thousands digit of 9477511?
7
What is the tens digit of 1759832?
3
What is the thousands digit of 9787596?
7
What is the ten thousands digit of 2928216?
2
What is the hundred thousands digit of 1812606?
8
What is the millions digit of 7334277?
7
What is the ten thousands digit of 4602019?
0
What is the thousands digit of 2854476?
4
What is the tens digit of 385382?
8
What is the thousands digit of 321827?
1
What is the hundreds digit of 8159525?
5
What is the hundreds digit of 6123051?
0
What is the millions digit of 3645156?
3
What is the thousands digit of 4063917?
3
What is the millions digit of 2911160?
2
What is the units digit of 6446794?
4
What is the ten thousands digit of 2153426?
5
What is the hundreds digit of 211209?
2
What is the hundred thousands digit of 799953?
7
What is the ten thousands digit of 6992794?
9
What is the ten thousands digit of 639028?
3
What is the hundreds digit of 6523939?
9
What is the units digit of 1203253?
3
What is the units digit of 4273491?
1
What is the hundreds digit of 436236?
2
What is the hundred thousands digit of 748023?
7
What is the tens digit of 595930?
3
What is the thousands digit of 58913?
8
What is the hundreds digit of 179788?
7
What is the units digit of 95108?
8
What is the ten thousands digit of 165992?
6
What is the ten thousands digit of 11376110?
7
What is the units digit of 943016?
6
What is the hundreds digit of 151265?
2
What is the ten millions digit of 16976769?
1
What is the hundreds digit of 576467?
4
What is the units digit of 335142?
2
What is the hundreds digit of 298980?
9
What is the thousands digit of 2103256?
3
What is the tens digit of 230597?
9
What is the hundreds digit of 201139?
1
What is the thousands digit of 474599?
4
What is the ten thousands digit of 101629?
0
What is the units digit of 1223877?
7
What is the thousands digit of 281231?
1
What is the units digit of 23998814?
4
What is the units digit of 1644998?
8
What is the ten thousands digit of 4573729?
7
What is the millions digit of 1648937?
1
What is the units digit of 73363?
3
What is the thousands digit of 14122496?
2
What is the units digit of 569776?
6
What is the units digit of 12061731?
1
What is the units digit of 204138?
8
What is the hundreds digit of 1330839?
8
What is the ten millions digit of 17709318?
1
What is the hundred thousands digit of 166973?
1
What is the hundred thousan